{"id":7550,"date":"2022-09-15T18:26:40","date_gmt":"2022-09-15T16:26:40","guid":{"rendered":"https:\/\/www.vebowag.de\/?post_type=tribe_events&#038;p=7550"},"modified":"2022-09-16T10:01:05","modified_gmt":"2022-09-16T08:01:05","slug":"11-pennenfelder-spaet-sommerfest","status":"publish","type":"tribe_events","link":"https:\/\/www.vebowag.de\/en\/event\/11-pennenfelder-spaet-sommerfest\/","title":{"rendered":"11. Pennenfelder (Sp\u00e4t-)Sommerfest"},"content":{"rendered":"<p>Am Samstag, den 24. September l\u00e4dt das Quartiersmanagement Pennenfeld in Kooperation mit dem B\u00fcrgerverein Buntes Pennenfeld e.V. von 11 bis 17 Uhr auf der Max-Planck-Stra\u00dfe zum Sommerfest ein.<\/p>\n<p>Zahlreiche Institutionen, Initiativen, Gruppen und Einzelpersonen beteiligten sich mit Aktions- und Informationsst\u00e4nden und\/oder pr\u00e4sentierten sich im abwechslungsreichen B\u00fchnenprogramm aus Musik-, Tanz- und Theaterdarbietungen.<img loading=\"lazy\" decoding=\"async\" class=\"wp-image-7553 size-large alignleft\" src=\"https:\/\/www.vebowag.de\/wp-content\/uploads\/2022\/09\/11_Pennenfelder-SpaetSommerfest_24092022-1-724x1024.jpg\" alt=\"\" width=\"724\" height=\"1024\" srcset=\"https:\/\/www.vebowag.de\/wp-content\/uploads\/2022\/09\/11_Pennenfelder-SpaetSommerfest_24092022-1-724x1024.jpg 724w, https:\/\/www.vebowag.de\/wp-content\/uploads\/2022\/09\/11_Pennenfelder-SpaetSommerfest_24092022-1-212x300.jpg 212w, https:\/\/www.vebowag.de\/wp-content\/uploads\/2022\/09\/11_Pennenfelder-SpaetSommerfest_24092022-1-768x1086.jpg 768w, https:\/\/www.vebowag.de\/wp-content\/uploads\/2022\/09\/11_Pennenfelder-SpaetSommerfest_24092022-1-1086x1536.jpg 1086w, https:\/\/www.vebowag.de\/wp-content\/uploads\/2022\/09\/11_Pennenfelder-SpaetSommerfest_24092022-1.jpg 1217w\" sizes=\"(max-width: 724px) 100vw, 724px\" \/><\/p>\n","protected":false},"excerpt":{"rendered":"<p>Am Samstag, den 24. September l\u00e4dt das Quartiersmanagement Pennenfeld in Kooperation mit dem B\u00fcrgerverein Buntes Pennenfeld e.V. von 11 bis 17 Uhr auf der Max-Planck-Stra\u00dfe zum Sommerfest ein. Zahlreiche Institutionen, Initiativen, Gruppen und Einzelpersonen beteiligten sich mit Aktions- und Informationsst\u00e4nden und\/oder pr\u00e4sentierten sich im abwechslungsreichen B\u00fchnenprogramm aus Musik-, Tanz- und &#8230; <a class=\"read-more\" href=\"https:\/\/www.vebowag.de\/en\/event\/11-pennenfelder-spaet-sommerfest\/\">Weiterlesen&nbsp;&raquo;<\/a><\/p>\n","protected":false},"author":2,"featured_media":7553,"comment_status":"closed","ping_status":"closed","template":"","meta":{"_uag_custom_page_level_css":"","_tribe_events_status":"","_tribe_events_status_reason":"","footnotes":""},"tags":[],"tribe_events_cat":[],"class_list":["post-7550","tribe_events","type-tribe_events","status-publish","has-post-thumbnail","hentry"],"translation":{"provider":"WPGlobus","version":"3.0.0","language":"en","enabled_languages":["de","en"],"languages":{"de":{"title":true,"content":true,"excerpt":false},"en":{"title":false,"content":false,"excerpt":false}}},"yoast_head":"<!-- This site is optimized with the Yoast SEO plugin v23.8 - https:\/\/yoast.com\/wordpress\/plugins\/seo\/ -->\n<title>11. Pennenfelder (Sp\u00e4t-)Sommerfest - VEBOWAG<\/title>\n<meta name=\"robots\" content=\"index, follow, max-snippet:-1, max-image-preview:large, max-video-preview:-1\" \/>\n<link rel=\"canonical\" href=\"https:\/\/www.vebowag.de\/event\/11-pennenfelder-spaet-sommerfest\/\" \/>\n<meta property=\"og:locale\" content=\"en_US\" \/>\n<meta property=\"og:type\" content=\"article\" \/>\n<meta property=\"og:title\" content=\"11. Pennenfelder (Sp\u00e4t-)Sommerfest - VEBOWAG\" \/>\n<meta property=\"og:url\" content=\"https:\/\/www.vebowag.de\/event\/11-pennenfelder-spaet-sommerfest\/\" \/>\n<meta property=\"og:site_name\" content=\"VEBOWAG\" \/>\n<meta property=\"article:publisher\" content=\"https:\/\/www.facebook.com\/vebowag\/\" \/>\n<meta property=\"article:modified_time\" content=\"2022-09-16T08:01:05+00:00\" \/>\n<meta property=\"og:image\" content=\"https:\/\/www.vebowag.de\/wp-content\/uploads\/2022\/09\/11_Pennenfelder-SpaetSommerfest_24092022-1-724x1024.jpg\" \/>\n\t<meta property=\"og:image:width\" content=\"724\" \/>\n\t<meta property=\"og:image:height\" content=\"1024\" \/>\n\t<meta property=\"og:image:type\" content=\"image\/jpeg\" \/>\n<meta name=\"twitter:card\" content=\"summary_large_image\" \/>\n<meta name=\"twitter:site\" content=\"@vebowag\" \/>\n<script type=\"application\/ld+json\" class=\"yoast-schema-graph\">{\"@context\":\"https:\/\/schema.org\",\"@graph\":[{\"@type\":\"WebPage\",\"@id\":\"https:\/\/www.vebowag.de\/event\/11-pennenfelder-spaet-sommerfest\/\",\"url\":\"https:\/\/www.vebowag.de\/event\/11-pennenfelder-spaet-sommerfest\/\",\"name\":\"11. Pennenfelder (Sp\u00e4t-)Sommerfest - VEBOWAG\",\"isPartOf\":{\"@id\":\"https:\/\/www.vebowag.de\/#website\"},\"primaryImageOfPage\":{\"@id\":\"https:\/\/www.vebowag.de\/event\/11-pennenfelder-spaet-sommerfest\/#primaryimage\"},\"image\":{\"@id\":\"https:\/\/www.vebowag.de\/event\/11-pennenfelder-spaet-sommerfest\/#primaryimage\"},\"thumbnailUrl\":\"https:\/\/www.vebowag.de\/wp-content\/uploads\/2022\/09\/11_Pennenfelder-SpaetSommerfest_24092022-1.jpg\",\"datePublished\":\"2022-09-15T16:26:40+00:00\",\"dateModified\":\"2022-09-16T08:01:05+00:00\",\"breadcrumb\":{\"@id\":\"https:\/\/www.vebowag.de\/event\/11-pennenfelder-spaet-sommerfest\/#breadcrumb\"},\"inLanguage\":\"en-EN\",\"potentialAction\":[{\"@type\":\"ReadAction\",\"target\":[\"https:\/\/www.vebowag.de\/event\/11-pennenfelder-spaet-sommerfest\/\"]}]},{\"@type\":\"ImageObject\",\"inLanguage\":\"en-EN\",\"@id\":\"https:\/\/www.vebowag.de\/event\/11-pennenfelder-spaet-sommerfest\/#primaryimage\",\"url\":\"https:\/\/www.vebowag.de\/wp-content\/uploads\/2022\/09\/11_Pennenfelder-SpaetSommerfest_24092022-1.jpg\",\"contentUrl\":\"https:\/\/www.vebowag.de\/wp-content\/uploads\/2022\/09\/11_Pennenfelder-SpaetSommerfest_24092022-1.jpg\",\"width\":1217,\"height\":1721},{\"@type\":\"BreadcrumbList\",\"@id\":\"https:\/\/www.vebowag.de\/event\/11-pennenfelder-spaet-sommerfest\/#breadcrumb\",\"itemListElement\":[{\"@type\":\"ListItem\",\"position\":1,\"name\":\"Home\",\"item\":\"https:\/\/www.vebowag.de\/\"},{\"@type\":\"ListItem\",\"position\":2,\"name\":\"Events\",\"item\":\"https:\/\/www.vebowag.de\/en\/events\/\"},{\"@type\":\"ListItem\",\"position\":3,\"name\":\"11. Pennenfelder (Sp\u00e4t-)Sommerfest\"}]},{\"@type\":\"WebSite\",\"@id\":\"https:\/\/www.vebowag.de\/#website\",\"url\":\"https:\/\/www.vebowag.de\/\",\"name\":\"VEBOWAG\",\"description\":\"Mein Zuhause in Bonn\",\"potentialAction\":[{\"@type\":\"SearchAction\",\"target\":{\"@type\":\"EntryPoint\",\"urlTemplate\":\"https:\/\/www.vebowag.de\/?s={search_term_string}\"},\"query-input\":{\"@type\":\"PropertyValueSpecification\",\"valueRequired\":true,\"valueName\":\"search_term_string\"}}],\"inLanguage\":\"en-EN\"}]}<\/script>\n<!-- \/ Yoast SEO plugin. -->","yoast_head_json":{"title":"11. Pennenfelder (Sp\u00e4t-)Sommerfest - VEBOWAG","robots":{"index":"index","follow":"follow","max-snippet":"max-snippet:-1","max-image-preview":"max-image-preview:large","max-video-preview":"max-video-preview:-1"},"canonical":"https:\/\/www.vebowag.de\/event\/11-pennenfelder-spaet-sommerfest\/","og_locale":"en_US","og_type":"article","og_title":"11. Pennenfelder (Sp\u00e4t-)Sommerfest - VEBOWAG","og_url":"https:\/\/www.vebowag.de\/event\/11-pennenfelder-spaet-sommerfest\/","og_site_name":"VEBOWAG","article_publisher":"https:\/\/www.facebook.com\/vebowag\/","article_modified_time":"2022-09-16T08:01:05+00:00","og_image":[{"width":724,"height":1024,"url":"https:\/\/www.vebowag.de\/wp-content\/uploads\/2022\/09\/11_Pennenfelder-SpaetSommerfest_24092022-1-724x1024.jpg","type":"image\/jpeg"}],"twitter_card":"summary_large_image","twitter_site":"@vebowag","schema":{"@context":"https:\/\/schema.org","@graph":[{"@type":"WebPage","@id":"https:\/\/www.vebowag.de\/event\/11-pennenfelder-spaet-sommerfest\/","url":"https:\/\/www.vebowag.de\/event\/11-pennenfelder-spaet-sommerfest\/","name":"11. Pennenfelder (Sp\u00e4t-)Sommerfest - VEBOWAG","isPartOf":{"@id":"https:\/\/www.vebowag.de\/#website"},"primaryImageOfPage":{"@id":"https:\/\/www.vebowag.de\/event\/11-pennenfelder-spaet-sommerfest\/#primaryimage"},"image":{"@id":"https:\/\/www.vebowag.de\/event\/11-pennenfelder-spaet-sommerfest\/#primaryimage"},"thumbnailUrl":"https:\/\/www.vebowag.de\/wp-content\/uploads\/2022\/09\/11_Pennenfelder-SpaetSommerfest_24092022-1.jpg","datePublished":"2022-09-15T16:26:40+00:00","dateModified":"2022-09-16T08:01:05+00:00","breadcrumb":{"@id":"https:\/\/www.vebowag.de\/event\/11-pennenfelder-spaet-sommerfest\/#breadcrumb"},"inLanguage":"en-EN","potentialAction":[{"@type":"ReadAction","target":["https:\/\/www.vebowag.de\/event\/11-pennenfelder-spaet-sommerfest\/"]}]},{"@type":"ImageObject","inLanguage":"en-EN","@id":"https:\/\/www.vebowag.de\/event\/11-pennenfelder-spaet-sommerfest\/#primaryimage","url":"https:\/\/www.vebowag.de\/wp-content\/uploads\/2022\/09\/11_Pennenfelder-SpaetSommerfest_24092022-1.jpg","contentUrl":"https:\/\/www.vebowag.de\/wp-content\/uploads\/2022\/09\/11_Pennenfelder-SpaetSommerfest_24092022-1.jpg","width":1217,"height":1721},{"@type":"BreadcrumbList","@id":"https:\/\/www.vebowag.de\/event\/11-pennenfelder-spaet-sommerfest\/#breadcrumb","itemListElement":[{"@type":"ListItem","position":1,"name":"Home","item":"https:\/\/www.vebowag.de\/"},{"@type":"ListItem","position":2,"name":"Events","item":"https:\/\/www.vebowag.de\/en\/events\/"},{"@type":"ListItem","position":3,"name":"11. Pennenfelder (Sp\u00e4t-)Sommerfest"}]},{"@type":"WebSite","@id":"https:\/\/www.vebowag.de\/#website","url":"https:\/\/www.vebowag.de\/","name":"VEBOWAG","description":"Mein Zuhause in Bonn","potentialAction":[{"@type":"SearchAction","target":{"@type":"EntryPoint","urlTemplate":"https:\/\/www.vebowag.de\/?s={search_term_string}"},"query-input":{"@type":"PropertyValueSpecification","valueRequired":true,"valueName":"search_term_string"}}],"inLanguage":"en-EN"}]}},"uagb_featured_image_src":{"full":["https:\/\/www.vebowag.de\/wp-content\/uploads\/2022\/09\/11_Pennenfelder-SpaetSommerfest_24092022-1.jpg",1217,1721,false],"thumbnail":["https:\/\/www.vebowag.de\/wp-content\/uploads\/2022\/09\/11_Pennenfelder-SpaetSommerfest_24092022-1-150x150.jpg",150,150,true],"medium":["https:\/\/www.vebowag.de\/wp-content\/uploads\/2022\/09\/11_Pennenfelder-SpaetSommerfest_24092022-1-212x300.jpg",212,300,true],"medium_large":["https:\/\/www.vebowag.de\/wp-content\/uploads\/2022\/09\/11_Pennenfelder-SpaetSommerfest_24092022-1-768x1086.jpg",750,1061,true],"large":["https:\/\/www.vebowag.de\/wp-content\/uploads\/2022\/09\/11_Pennenfelder-SpaetSommerfest_24092022-1-724x1024.jpg",724,1024,true],"1536x1536":["https:\/\/www.vebowag.de\/wp-content\/uploads\/2022\/09\/11_Pennenfelder-SpaetSommerfest_24092022-1-1086x1536.jpg",1086,1536,true],"2048x2048":["https:\/\/www.vebowag.de\/wp-content\/uploads\/2022\/09\/11_Pennenfelder-SpaetSommerfest_24092022-1.jpg",1217,1721,false],"home":["https:\/\/www.vebowag.de\/wp-content\/uploads\/2022\/09\/11_Pennenfelder-SpaetSommerfest_24092022-1-150x100.jpg",150,100,true],"list":["https:\/\/www.vebowag.de\/wp-content\/uploads\/2022\/09\/11_Pennenfelder-SpaetSommerfest_24092022-1-200x125.jpg",200,125,true]},"uagb_author_info":{"display_name":"Norbert Krey","author_link":"https:\/\/www.vebowag.de\/en\/author\/krey\/"},"uagb_comment_info":0,"uagb_excerpt":"Am Samstag, den 24. September l\u00e4dt das Quartiersmanagement Pennenfeld in Kooperation mit dem B\u00fcrgerverein Buntes Pennenfeld e.V. von 11 bis 17 Uhr auf der Max-Planck-Stra\u00dfe zum Sommerfest ein. Zahlreiche Institutionen, Initiativen, Gruppen und Einzelpersonen beteiligten sich mit Aktions- und Informationsst\u00e4nden und\/oder pr\u00e4sentierten sich im abwechslungsreichen B\u00fchnenprogramm aus Musik-, Tanz- und ... Weiterlesen&nbsp;&raquo;","_links":{"self":[{"href":"https:\/\/www.vebowag.de\/en\/wp-json\/wp\/v2\/tribe_events\/7550"}],"collection":[{"href":"https:\/\/www.vebowag.de\/en\/wp-json\/wp\/v2\/tribe_events"}],"about":[{"href":"https:\/\/www.vebowag.de\/en\/wp-json\/wp\/v2\/types\/tribe_events"}],"author":[{"embeddable":true,"href":"https:\/\/www.vebowag.de\/en\/wp-json\/wp\/v2\/users\/2"}],"replies":[{"embeddable":true,"href":"https:\/\/www.vebowag.de\/en\/wp-json\/wp\/v2\/comments?post=7550"}],"version-history":[{"count":5,"href":"https:\/\/www.vebowag.de\/en\/wp-json\/wp\/v2\/tribe_events\/7550\/revisions"}],"predecessor-version":[{"id":7564,"href":"https:\/\/www.vebowag.de\/en\/wp-json\/wp\/v2\/tribe_events\/7550\/revisions\/7564"}],"wp:featuredmedia":[{"embeddable":true,"href":"https:\/\/www.vebowag.de\/en\/wp-json\/wp\/v2\/media\/7553"}],"wp:attachment":[{"href":"https:\/\/www.vebowag.de\/en\/wp-json\/wp\/v2\/media?parent=7550"}],"wp:term":[{"taxonomy":"post_tag","embeddable":true,"href":"https:\/\/www.vebowag.de\/en\/wp-json\/wp\/v2\/tags?post=7550"},{"taxonomy":"tribe_events_cat","embeddable":true,"href":"https:\/\/www.vebowag.de\/en\/wp-json\/wp\/v2\/tribe_events_cat?post=7550"}],"curies":[{"name":"wp","href":"https:\/\/api.w.org\/{rel}","templated":true}]}}

11. Pennenfelder (Spät-)Sommerfest

<p>Am Samstag, den 24. September lädt das Quartiersmanagement Pennenfeld in Kooperation mit dem Bürgerverein Buntes Pennenfeld e.V. von 11 bis 17 Uhr auf der Max-Planck-Straße zum Sommerfest ein.</p>
<p>Zahlreiche Institutionen, Initiativen, Gruppen und Einzelpersonen beteiligten sich mit Aktions- und Informationsständen und/oder präsentierten sich im abwechslungsreichen Bühnenprogramm aus Musik-, Tanz- und Theaterdarbietungen.<img loading="lazy" decoding="async" class="wp-image-7553 size-large alignleft" src="https://www.vebowag.de/wp-content/uploads/2022/09/11_Pennenfelder-SpaetSommerfest_24092022-1-724x1024.jpg" alt="" width="724" height="1024" srcset="https://www.vebowag.de/wp-content/uploads/2022/09/11_Pennenfelder-SpaetSommerfest_24092022-1-724x1024.jpg 724w, https://www.vebowag.de/wp-content/uploads/2022/09/11_Pennenfelder-SpaetSommerfest_24092022-1-212x300.jpg 212w, https://www.vebowag.de/wp-content/uploads/2022/09/11_Pennenfelder-SpaetSommerfest_24092022-1-768x1086.jpg 768w, https://www.vebowag.de/wp-content/uploads/2022/09/11_Pennenfelder-SpaetSommerfest_24092022-1-1086x1536.jpg 1086w, https://www.vebowag.de/wp-content/uploads/2022/09/11_Pennenfelder-SpaetSommerfest_24092022-1.jpg 1217w" sizes="(max-width: 724px) 100vw, 724px" /></p>

<p>Am Samstag, den 24. September lädt das Quartiersmanagement Pennenfeld in Kooperation mit dem Bürgerverein Buntes Pennenfeld e.V. von 11 bis 17 Uhr auf der Max-Planck-Straße zum Sommerfest ein. Zahlreiche Institutionen, Initiativen, Gruppen und Einzelpersonen beteiligten sich mit Aktions- und Informationsständen und/oder präsentierten sich im abwechslungsreichen Bühnenprogramm aus Musik-, Tanz- und &#8230; <a class="read-more" href="https://www.vebowag.de/en/event/11-pennenfelder-spaet-sommerfest/">Weiterlesen&nbsp;&raquo;</a></p>

<!-- This site is optimized with the Yoast SEO plugin v23.8 - https://yoast.com/wordpress/plugins/seo/ -->
<title>11. Pennenfelder (Spät-)Sommerfest - VEBOWAG</title>
<meta name="robots" content="index, follow, max-snippet:-1, max-image-preview:large, max-video-preview:-1" />
<link rel="canonical" href="https://www.vebowag.de/event/11-pennenfelder-spaet-sommerfest/" />
<meta property="og:locale" content="en_US" />
<meta property="og:type" content="article" />
<meta property="og:title" content="11. Pennenfelder (Spät-)Sommerfest - VEBOWAG" />
<meta property="og:url" content="https://www.vebowag.de/event/11-pennenfelder-spaet-sommerfest/" />
<meta property="og:site_name" content="VEBOWAG" />
<meta property="article:publisher" content="https://www.facebook.com/vebowag/" />
<meta property="article:modified_time" content="2022-09-16T08:01:05+00:00" />
<meta property="og:image" content="https://www.vebowag.de/wp-content/uploads/2022/09/11_Pennenfelder-SpaetSommerfest_24092022-1-724x1024.jpg" />
	<meta property="og:image:width" content="724" />
	<meta property="og:image:height" content="1024" />
	<meta property="og:image:type" content="image/jpeg" />
<meta name="twitter:card" content="summary_large_image" />
<meta name="twitter:site" content="@vebowag" />
<script type="application/ld+json" class="yoast-schema-graph">{"@context":"https://schema.org","@graph":[{"@type":"WebPage","@id":"https://www.vebowag.de/event/11-pennenfelder-spaet-sommerfest/","url":"https://www.vebowag.de/event/11-pennenfelder-spaet-sommerfest/","name":"11. Pennenfelder (Spät-)Sommerfest - VEBOWAG","isPartOf":{"@id":"https://www.vebowag.de/#website"},"primaryImageOfPage":{"@id":"https://www.vebowag.de/event/11-pennenfelder-spaet-sommerfest/#primaryimage"},"image":{"@id":"https://www.vebowag.de/event/11-pennenfelder-spaet-sommerfest/#primaryimage"},"thumbnailUrl":"https://www.vebowag.de/wp-content/uploads/2022/09/11_Pennenfelder-SpaetSommerfest_24092022-1.jpg","datePublished":"2022-09-15T16:26:40+00:00","dateModified":"2022-09-16T08:01:05+00:00","breadcrumb":{"@id":"https://www.vebowag.de/event/11-pennenfelder-spaet-sommerfest/#breadcrumb"},"inLanguage":"en-EN","potentialAction":[{"@type":"ReadAction","target":["https://www.vebowag.de/event/11-pennenfelder-spaet-sommerfest/"]}]},{"@type":"ImageObject","inLanguage":"en-EN","@id":"https://www.vebowag.de/event/11-pennenfelder-spaet-sommerfest/#primaryimage","url":"https://www.vebowag.de/wp-content/uploads/2022/09/11_Pennenfelder-SpaetSommerfest_24092022-1.jpg","contentUrl":"https://www.vebowag.de/wp-content/uploads/2022/09/11_Pennenfelder-SpaetSommerfest_24092022-1.jpg","width":1217,"height":1721},{"@type":"BreadcrumbList","@id":"https://www.vebowag.de/event/11-pennenfelder-spaet-sommerfest/#breadcrumb","itemListElement":[{"@type":"ListItem","position":1,"name":"Home","item":"https://www.vebowag.de/"},{"@type":"ListItem","position":2,"name":"Events","item":"https://www.vebowag.de/en/events/"},{"@type":"ListItem","position":3,"name":"11. Pennenfelder (Spät-)Sommerfest"}]},{"@type":"WebSite","@id":"https://www.vebowag.de/#website","url":"https://www.vebowag.de/","name":"VEBOWAG","description":"Mein Zuhause in Bonn","potentialAction":[{"@type":"SearchAction","target":{"@type":"EntryPoint","urlTemplate":"https://www.vebowag.de/?s={search_term_string}"},"query-input":{"@type":"PropertyValueSpecification","valueRequired":true,"valueName":"search_term_string"}}],"inLanguage":"en-EN"}]}</script>
<!-- / Yoast SEO plugin. -->

11. Pennenfelder (Spät-)Sommerfest - VEBOWAG

Am Samstag, den 24. September lädt das Quartiersmanagement Pennenfeld in Kooperation mit dem Bürgerverein Buntes Pennenfeld e.V. von 11 bis 17 Uhr auf der Max-Planck-Straße zum Sommerfest ein. Zahlreiche Institutionen, Initiativen, Gruppen und Einzelpersonen beteiligten sich mit Aktions- und Informationsständen und/oder präsentierten sich im abwechslungsreichen Bühnenprogramm aus Musik-, Tanz- und ... Weiterlesen&nbsp;&raquo;
