{"id":5610,"date":"2019-04-02T13:08:10","date_gmt":"2019-04-02T11:08:10","guid":{"rendered":"https:\/\/www.vebowag.de\/?post_type=tribe_events&#038;p=5610"},"modified":"2019-04-02T13:34:18","modified_gmt":"2019-04-02T11:34:18","slug":"tag-der-nachbarn-im-pennenfeld","status":"publish","type":"tribe_events","link":"https:\/\/www.vebowag.de\/en\/event\/tag-der-nachbarn-im-pennenfeld\/","title":{"rendered":"&#8220;Tag der Nachbarn&#8221; im Pennenfeld"},"content":{"rendered":"<div id=\"js_1k\" class=\"_5pbx userContent _3576\" data-ft=\"{\">\n<p><img loading=\"lazy\" decoding=\"async\" class=\"alignright size-medium wp-image-5611\" src=\"https:\/\/www.vebowag.de\/wp-content\/uploads\/2019\/04\/Tag-der-Nachbarn-225x300.jpg\" alt=\"\" width=\"225\" height=\"300\" srcset=\"https:\/\/www.vebowag.de\/wp-content\/uploads\/2019\/04\/Tag-der-Nachbarn-225x300.jpg 225w, https:\/\/www.vebowag.de\/wp-content\/uploads\/2019\/04\/Tag-der-Nachbarn.jpg 768w\" sizes=\"(max-width: 225px) 100vw, 225px\" \/>Das Quartiersmanagement Pennenfeld beteiligt sich am bundesweiten Aktionstag &#8220;Tag der Nachbarn&#8221; und l\u00e4dt alle Pennenfelder zum Kommen und Mitmachen ein!<\/p>\n<p>Die Kollegen und Kolleginnen des Quartiersmanagements treffen sich mit allen interessierten Pennenfeldern im Zentrum zu einer kleinen nachbarschaftlichen Tauschb\u00f6rse. Getauscht werden k\u00f6nnen Hilfesleistungen, Unterst\u00fctzung und kleine Dienstleistungen. Z.B.: Rasenm\u00e4hen zur Taschengeldaufbesserung, Garage aufr\u00e4umen gegen Babysitten, Hausaufgabenhilfe gegen Eink\u00e4ufe erledigen&#8230;&#8230;<\/p>\n<p>Das Quartiersmanagement sorgt f\u00fcr Sitzgelegenheiten und Kaffee und wer mag, steuert einen Kuchen bei.<\/p>\n<p>Einfach vorbeischauen &#8211; eine Anmeldung ist nicht erforderlich<\/p><\/div>\n","protected":false},"excerpt":{"rendered":"<p>Das Quartiersmanagement Pennenfeld beteiligt sich am bundesweiten Aktionstag &#8220;Tag der Nachbarn&#8221; und l\u00e4dt alle Pennenfelder zum Kommen und Mitmachen ein! Die Kollegen und Kolleginnen des Quartiersmanagements treffen sich mit allen interessierten Pennenfeldern im Zentrum zu einer kleinen nachbarschaftlichen Tauschb\u00f6rse. Getauscht werden k\u00f6nnen Hilfesleistungen, Unterst\u00fctzung und kleine Dienstleistungen. Z.B.: Rasenm\u00e4hen zur &#8230; <a class=\"read-more\" href=\"https:\/\/www.vebowag.de\/en\/event\/tag-der-nachbarn-im-pennenfeld\/\">Weiterlesen&nbsp;&raquo;<\/a><\/p>\n","protected":false},"author":2,"featured_media":5611,"comment_status":"closed","ping_status":"closed","template":"","meta":{"_uag_custom_page_level_css":"","_tribe_events_status":"","_tribe_events_status_reason":"","footnotes":""},"tags":[],"tribe_events_cat":[],"class_list":["post-5610","tribe_events","type-tribe_events","status-publish","has-post-thumbnail","hentry"],"translation":{"provider":"WPGlobus","version":"3.0.0","language":"en","enabled_languages":["de","en"],"languages":{"de":{"title":true,"content":true,"excerpt":false},"en":{"title":false,"content":false,"excerpt":false}}},"yoast_head":"<!-- This site is optimized with the Yoast SEO plugin v23.8 - https:\/\/yoast.com\/wordpress\/plugins\/seo\/ -->\n<title>&quot;Tag der Nachbarn&quot; im Pennenfeld - VEBOWAG<\/title>\n<meta name=\"robots\" content=\"index, follow, max-snippet:-1, max-image-preview:large, max-video-preview:-1\" \/>\n<link rel=\"canonical\" href=\"https:\/\/www.vebowag.de\/event\/tag-der-nachbarn-im-pennenfeld\/\" \/>\n<meta property=\"og:locale\" content=\"en_US\" \/>\n<meta property=\"og:type\" content=\"article\" \/>\n<meta property=\"og:title\" content=\"&quot;Tag der Nachbarn&quot; im Pennenfeld - VEBOWAG\" \/>\n<meta property=\"og:url\" content=\"https:\/\/www.vebowag.de\/event\/tag-der-nachbarn-im-pennenfeld\/\" \/>\n<meta property=\"og:site_name\" content=\"VEBOWAG\" \/>\n<meta property=\"article:publisher\" content=\"https:\/\/www.facebook.com\/vebowag\/\" \/>\n<meta property=\"article:modified_time\" content=\"2019-04-02T11:34:18+00:00\" \/>\n<meta property=\"og:image\" content=\"https:\/\/www.vebowag.de\/wp-content\/uploads\/2019\/04\/Tag-der-Nachbarn.jpg\" \/>\n\t<meta property=\"og:image:width\" content=\"768\" \/>\n\t<meta property=\"og:image:height\" content=\"1024\" \/>\n\t<meta property=\"og:image:type\" content=\"image\/jpeg\" \/>\n<meta name=\"twitter:card\" content=\"summary_large_image\" \/>\n<meta name=\"twitter:site\" content=\"@vebowag\" \/>\n<script type=\"application\/ld+json\" class=\"yoast-schema-graph\">{\"@context\":\"https:\/\/schema.org\",\"@graph\":[{\"@type\":\"WebPage\",\"@id\":\"https:\/\/www.vebowag.de\/event\/tag-der-nachbarn-im-pennenfeld\/\",\"url\":\"https:\/\/www.vebowag.de\/event\/tag-der-nachbarn-im-pennenfeld\/\",\"name\":\"\\\"Tag der Nachbarn\\\" im Pennenfeld - VEBOWAG\",\"isPartOf\":{\"@id\":\"https:\/\/www.vebowag.de\/#website\"},\"primaryImageOfPage\":{\"@id\":\"https:\/\/www.vebowag.de\/event\/tag-der-nachbarn-im-pennenfeld\/#primaryimage\"},\"image\":{\"@id\":\"https:\/\/www.vebowag.de\/event\/tag-der-nachbarn-im-pennenfeld\/#primaryimage\"},\"thumbnailUrl\":\"https:\/\/www.vebowag.de\/wp-content\/uploads\/2019\/04\/Tag-der-Nachbarn.jpg\",\"datePublished\":\"2019-04-02T11:08:10+00:00\",\"dateModified\":\"2019-04-02T11:34:18+00:00\",\"breadcrumb\":{\"@id\":\"https:\/\/www.vebowag.de\/event\/tag-der-nachbarn-im-pennenfeld\/#breadcrumb\"},\"inLanguage\":\"en-EN\",\"potentialAction\":[{\"@type\":\"ReadAction\",\"target\":[\"https:\/\/www.vebowag.de\/event\/tag-der-nachbarn-im-pennenfeld\/\"]}]},{\"@type\":\"ImageObject\",\"inLanguage\":\"en-EN\",\"@id\":\"https:\/\/www.vebowag.de\/event\/tag-der-nachbarn-im-pennenfeld\/#primaryimage\",\"url\":\"https:\/\/www.vebowag.de\/wp-content\/uploads\/2019\/04\/Tag-der-Nachbarn.jpg\",\"contentUrl\":\"https:\/\/www.vebowag.de\/wp-content\/uploads\/2019\/04\/Tag-der-Nachbarn.jpg\",\"width\":768,\"height\":1024},{\"@type\":\"BreadcrumbList\",\"@id\":\"https:\/\/www.vebowag.de\/event\/tag-der-nachbarn-im-pennenfeld\/#breadcrumb\",\"itemListElement\":[{\"@type\":\"ListItem\",\"position\":1,\"name\":\"Home\",\"item\":\"https:\/\/www.vebowag.de\/\"},{\"@type\":\"ListItem\",\"position\":2,\"name\":\"Events\",\"item\":\"https:\/\/www.vebowag.de\/en\/events\/\"},{\"@type\":\"ListItem\",\"position\":3,\"name\":\"&#8222;Tag der Nachbarn&#8220; im Pennenfeld\"}]},{\"@type\":\"WebSite\",\"@id\":\"https:\/\/www.vebowag.de\/#website\",\"url\":\"https:\/\/www.vebowag.de\/\",\"name\":\"VEBOWAG\",\"description\":\"Mein Zuhause in Bonn\",\"potentialAction\":[{\"@type\":\"SearchAction\",\"target\":{\"@type\":\"EntryPoint\",\"urlTemplate\":\"https:\/\/www.vebowag.de\/?s={search_term_string}\"},\"query-input\":{\"@type\":\"PropertyValueSpecification\",\"valueRequired\":true,\"valueName\":\"search_term_string\"}}],\"inLanguage\":\"en-EN\"}]}<\/script>\n<!-- \/ Yoast SEO plugin. -->","yoast_head_json":{"title":"\"Tag der Nachbarn\" im Pennenfeld - VEBOWAG","robots":{"index":"index","follow":"follow","max-snippet":"max-snippet:-1","max-image-preview":"max-image-preview:large","max-video-preview":"max-video-preview:-1"},"canonical":"https:\/\/www.vebowag.de\/event\/tag-der-nachbarn-im-pennenfeld\/","og_locale":"en_US","og_type":"article","og_title":"\"Tag der Nachbarn\" im Pennenfeld - VEBOWAG","og_url":"https:\/\/www.vebowag.de\/event\/tag-der-nachbarn-im-pennenfeld\/","og_site_name":"VEBOWAG","article_publisher":"https:\/\/www.facebook.com\/vebowag\/","article_modified_time":"2019-04-02T11:34:18+00:00","og_image":[{"width":768,"height":1024,"url":"https:\/\/www.vebowag.de\/wp-content\/uploads\/2019\/04\/Tag-der-Nachbarn.jpg","type":"image\/jpeg"}],"twitter_card":"summary_large_image","twitter_site":"@vebowag","schema":{"@context":"https:\/\/schema.org","@graph":[{"@type":"WebPage","@id":"https:\/\/www.vebowag.de\/event\/tag-der-nachbarn-im-pennenfeld\/","url":"https:\/\/www.vebowag.de\/event\/tag-der-nachbarn-im-pennenfeld\/","name":"\"Tag der Nachbarn\" im Pennenfeld - VEBOWAG","isPartOf":{"@id":"https:\/\/www.vebowag.de\/#website"},"primaryImageOfPage":{"@id":"https:\/\/www.vebowag.de\/event\/tag-der-nachbarn-im-pennenfeld\/#primaryimage"},"image":{"@id":"https:\/\/www.vebowag.de\/event\/tag-der-nachbarn-im-pennenfeld\/#primaryimage"},"thumbnailUrl":"https:\/\/www.vebowag.de\/wp-content\/uploads\/2019\/04\/Tag-der-Nachbarn.jpg","datePublished":"2019-04-02T11:08:10+00:00","dateModified":"2019-04-02T11:34:18+00:00","breadcrumb":{"@id":"https:\/\/www.vebowag.de\/event\/tag-der-nachbarn-im-pennenfeld\/#breadcrumb"},"inLanguage":"en-EN","potentialAction":[{"@type":"ReadAction","target":["https:\/\/www.vebowag.de\/event\/tag-der-nachbarn-im-pennenfeld\/"]}]},{"@type":"ImageObject","inLanguage":"en-EN","@id":"https:\/\/www.vebowag.de\/event\/tag-der-nachbarn-im-pennenfeld\/#primaryimage","url":"https:\/\/www.vebowag.de\/wp-content\/uploads\/2019\/04\/Tag-der-Nachbarn.jpg","contentUrl":"https:\/\/www.vebowag.de\/wp-content\/uploads\/2019\/04\/Tag-der-Nachbarn.jpg","width":768,"height":1024},{"@type":"BreadcrumbList","@id":"https:\/\/www.vebowag.de\/event\/tag-der-nachbarn-im-pennenfeld\/#breadcrumb","itemListElement":[{"@type":"ListItem","position":1,"name":"Home","item":"https:\/\/www.vebowag.de\/"},{"@type":"ListItem","position":2,"name":"Events","item":"https:\/\/www.vebowag.de\/en\/events\/"},{"@type":"ListItem","position":3,"name":"&#8222;Tag der Nachbarn&#8220; im Pennenfeld"}]},{"@type":"WebSite","@id":"https:\/\/www.vebowag.de\/#website","url":"https:\/\/www.vebowag.de\/","name":"VEBOWAG","description":"Mein Zuhause in Bonn","potentialAction":[{"@type":"SearchAction","target":{"@type":"EntryPoint","urlTemplate":"https:\/\/www.vebowag.de\/?s={search_term_string}"},"query-input":{"@type":"PropertyValueSpecification","valueRequired":true,"valueName":"search_term_string"}}],"inLanguage":"en-EN"}]}},"uagb_featured_image_src":{"full":["https:\/\/www.vebowag.de\/wp-content\/uploads\/2019\/04\/Tag-der-Nachbarn.jpg",768,1024,false],"thumbnail":["https:\/\/www.vebowag.de\/wp-content\/uploads\/2019\/04\/Tag-der-Nachbarn-150x150.jpg",150,150,true],"medium":["https:\/\/www.vebowag.de\/wp-content\/uploads\/2019\/04\/Tag-der-Nachbarn-225x300.jpg",225,300,true],"medium_large":["https:\/\/www.vebowag.de\/wp-content\/uploads\/2019\/04\/Tag-der-Nachbarn-768x1024.jpg",750,1000,true],"large":["https:\/\/www.vebowag.de\/wp-content\/uploads\/2019\/04\/Tag-der-Nachbarn-768x1024.jpg",750,1000,true],"1536x1536":["https:\/\/www.vebowag.de\/wp-content\/uploads\/2019\/04\/Tag-der-Nachbarn.jpg",768,1024,false],"2048x2048":["https:\/\/www.vebowag.de\/wp-content\/uploads\/2019\/04\/Tag-der-Nachbarn.jpg",768,1024,false],"home":["https:\/\/www.vebowag.de\/wp-content\/uploads\/2019\/04\/Tag-der-Nachbarn-150x100.jpg",150,100,true],"list":["https:\/\/www.vebowag.de\/wp-content\/uploads\/2019\/04\/Tag-der-Nachbarn-200x125.jpg",200,125,true]},"uagb_author_info":{"display_name":"Norbert Krey","author_link":"https:\/\/www.vebowag.de\/en\/author\/krey\/"},"uagb_comment_info":0,"uagb_excerpt":"Das Quartiersmanagement Pennenfeld beteiligt sich am bundesweiten Aktionstag &#8220;Tag der Nachbarn&#8221; und l\u00e4dt alle Pennenfelder zum Kommen und Mitmachen ein! Die Kollegen und Kolleginnen des Quartiersmanagements treffen sich mit allen interessierten Pennenfeldern im Zentrum zu einer kleinen nachbarschaftlichen Tauschb\u00f6rse. Getauscht werden k\u00f6nnen Hilfesleistungen, Unterst\u00fctzung und kleine Dienstleistungen. Z.B.: Rasenm\u00e4hen zur ... Weiterlesen&nbsp;&raquo;","_links":{"self":[{"href":"https:\/\/www.vebowag.de\/en\/wp-json\/wp\/v2\/tribe_events\/5610"}],"collection":[{"href":"https:\/\/www.vebowag.de\/en\/wp-json\/wp\/v2\/tribe_events"}],"about":[{"href":"https:\/\/www.vebowag.de\/en\/wp-json\/wp\/v2\/types\/tribe_events"}],"author":[{"embeddable":true,"href":"https:\/\/www.vebowag.de\/en\/wp-json\/wp\/v2\/users\/2"}],"replies":[{"embeddable":true,"href":"https:\/\/www.vebowag.de\/en\/wp-json\/wp\/v2\/comments?post=5610"}],"version-history":[{"count":18,"href":"https:\/\/www.vebowag.de\/en\/wp-json\/wp\/v2\/tribe_events\/5610\/revisions"}],"predecessor-version":[{"id":5613,"href":"https:\/\/www.vebowag.de\/en\/wp-json\/wp\/v2\/tribe_events\/5610\/revisions\/5613"}],"wp:featuredmedia":[{"embeddable":true,"href":"https:\/\/www.vebowag.de\/en\/wp-json\/wp\/v2\/media\/5611"}],"wp:attachment":[{"href":"https:\/\/www.vebowag.de\/en\/wp-json\/wp\/v2\/media?parent=5610"}],"wp:term":[{"taxonomy":"post_tag","embeddable":true,"href":"https:\/\/www.vebowag.de\/en\/wp-json\/wp\/v2\/tags?post=5610"},{"taxonomy":"tribe_events_cat","embeddable":true,"href":"https:\/\/www.vebowag.de\/en\/wp-json\/wp\/v2\/tribe_events_cat?post=5610"}],"curies":[{"name":"wp","href":"https:\/\/api.w.org\/{rel}","templated":true}]}}

<div id="js_1k" class="_5pbx userContent _3576" data-ft="{">
<p><img loading="lazy" decoding="async" class="alignright size-medium wp-image-5611" src="https://www.vebowag.de/wp-content/uploads/2019/04/Tag-der-Nachbarn-225x300.jpg" alt="" width="225" height="300" srcset="https://www.vebowag.de/wp-content/uploads/2019/04/Tag-der-Nachbarn-225x300.jpg 225w, https://www.vebowag.de/wp-content/uploads/2019/04/Tag-der-Nachbarn.jpg 768w" sizes="(max-width: 225px) 100vw, 225px" />Das Quartiersmanagement Pennenfeld beteiligt sich am bundesweiten Aktionstag &#8220;Tag der Nachbarn&#8221; und lädt alle Pennenfelder zum Kommen und Mitmachen ein!</p>
<p>Die Kollegen und Kolleginnen des Quartiersmanagements treffen sich mit allen interessierten Pennenfeldern im Zentrum zu einer kleinen nachbarschaftlichen Tauschbörse. Getauscht werden können Hilfesleistungen, Unterstützung und kleine Dienstleistungen. Z.B.: Rasenmähen zur Taschengeldaufbesserung, Garage aufräumen gegen Babysitten, Hausaufgabenhilfe gegen Einkäufe erledigen&#8230;&#8230;</p>
<p>Das Quartiersmanagement sorgt für Sitzgelegenheiten und Kaffee und wer mag, steuert einen Kuchen bei.</p>
<p>Einfach vorbeischauen &#8211; eine Anmeldung ist nicht erforderlich</p></div>

<p>Das Quartiersmanagement Pennenfeld beteiligt sich am bundesweiten Aktionstag &#8220;Tag der Nachbarn&#8221; und lädt alle Pennenfelder zum Kommen und Mitmachen ein! Die Kollegen und Kolleginnen des Quartiersmanagements treffen sich mit allen interessierten Pennenfeldern im Zentrum zu einer kleinen nachbarschaftlichen Tauschbörse. Getauscht werden können Hilfesleistungen, Unterstützung und kleine Dienstleistungen. Z.B.: Rasenmähen zur &#8230; <a class="read-more" href="https://www.vebowag.de/en/event/tag-der-nachbarn-im-pennenfeld/">Weiterlesen&nbsp;&raquo;</a></p>

Das Quartiersmanagement Pennenfeld beteiligt sich am bundesweiten Aktionstag &#8220;Tag der Nachbarn&#8221; und lädt alle Pennenfelder zum Kommen und Mitmachen ein! Die Kollegen und Kolleginnen des Quartiersmanagements treffen sich mit allen interessierten Pennenfeldern im Zentrum zu einer kleinen nachbarschaftlichen Tauschbörse. Getauscht werden können Hilfesleistungen, Unterstützung und kleine Dienstleistungen. Z.B.: Rasenmähen zur ... Weiterlesen&nbsp;&raquo;
