{"id":5279,"date":"2018-12-21T18:51:40","date_gmt":"2018-12-21T17:51:40","guid":{"rendered":"https:\/\/www.vebowag.de\/?post_type=tribe_events&#038;p=5279"},"modified":"2018-12-21T19:01:35","modified_gmt":"2018-12-21T18:01:35","slug":"karnevalsparty-im-tenten-haus-der-begegnung-2","status":"publish","type":"tribe_events","link":"https:\/\/www.vebowag.de\/en\/event\/karnevalsparty-im-tenten-haus-der-begegnung-2\/","title":{"rendered":"Karnevalsparty im -Tenten- Haus der Begegnung"},"content":{"rendered":"<p><img loading=\"lazy\" decoding=\"async\" class=\"alignright size-medium wp-image-5287\" src=\"https:\/\/www.vebowag.de\/wp-content\/uploads\/2018\/12\/DA04CD4F-5DA3-4281-9FF4-A1AA647A10EF-300x225.jpeg\" alt=\"Karneval Wolfsburg 2019\" width=\"300\" height=\"225\" srcset=\"https:\/\/www.vebowag.de\/wp-content\/uploads\/2018\/12\/DA04CD4F-5DA3-4281-9FF4-A1AA647A10EF-300x225.jpeg 300w, https:\/\/www.vebowag.de\/wp-content\/uploads\/2018\/12\/DA04CD4F-5DA3-4281-9FF4-A1AA647A10EF.jpeg 564w\" sizes=\"(max-width: 300px) 100vw, 300px\" \/>Unter dem Motto <strong>\u201eWolfsburg &#8230;.Ol\u00e9 \u2013 Caballeros und Se\u00f1ioritas st\u00fcrmen die Wolfsburg\u201c<\/strong> laden wir alle Senioren zu unserer allj\u00e4hrlichen Karnevalsparty ein.<\/p>\n<p>Als G\u00e4ste werden wir die W\u00e4scherprinzessin mit Gefolge, das Kindercorps der Beueler Stadtsoldaten und die Prinzengarde Vilich-M\u00fcldorf empfangen.<\/p>\n<p>F\u00fcr Live-Musik\u00a0und Tanz sorgt unser beliebter Alleinunterhalter Gregor Kess.<\/p>\n<p>Beginn: 15:00 Uhr<br \/>\nEinlass: 14:40 Uhr<br \/>\nEintritt: 5 EUR (ohne Verzehr)<\/p>\n<p>Kartenvorverkauf ab Montag, 28. Januar 2019 in der Cafeteria des -Tenten- Haus der Begegnung<\/p>\n","protected":false},"excerpt":{"rendered":"<p>Unter dem Motto \u201eWolfsburg &#8230;.Ol\u00e9 \u2013 Caballeros und Se\u00f1ioritas st\u00fcrmen die Wolfsburg\u201c laden wir alle Senioren zu unserer allj\u00e4hrlichen Karnevalsparty ein. Als G\u00e4ste werden wir die W\u00e4scherprinzessin mit Gefolge, das Kindercorps der Beueler Stadtsoldaten und die Prinzengarde Vilich-M\u00fcldorf empfangen. F\u00fcr Live-Musik\u00a0und Tanz sorgt unser beliebter Alleinunterhalter Gregor Kess. Beginn: 15:00 &#8230; <a class=\"read-more\" href=\"https:\/\/www.vebowag.de\/en\/event\/karnevalsparty-im-tenten-haus-der-begegnung-2\/\">Weiterlesen&nbsp;&raquo;<\/a><\/p>\n","protected":false},"author":2,"featured_media":803,"comment_status":"closed","ping_status":"closed","template":"","meta":{"_uag_custom_page_level_css":"","_tribe_events_status":"","_tribe_events_status_reason":"","footnotes":""},"tags":[],"tribe_events_cat":[930],"class_list":["post-5279","tribe_events","type-tribe_events","status-publish","has-post-thumbnail","hentry","tribe_events_cat-tenten-haus-der-begegnung","cat_tenten-haus-der-begegnung"],"translation":{"provider":"WPGlobus","version":"3.0.0","language":"en","enabled_languages":["de","en"],"languages":{"de":{"title":true,"content":true,"excerpt":false},"en":{"title":false,"content":false,"excerpt":false}}},"yoast_head":"<!-- This site is optimized with the Yoast SEO plugin v23.8 - https:\/\/yoast.com\/wordpress\/plugins\/seo\/ -->\n<title>Karnevalsparty im -Tenten- Haus der Begegnung - VEBOWAG<\/title>\n<meta name=\"robots\" content=\"index, follow, max-snippet:-1, max-image-preview:large, max-video-preview:-1\" \/>\n<link rel=\"canonical\" href=\"https:\/\/www.vebowag.de\/event\/karnevalsparty-im-tenten-haus-der-begegnung-2\/\" \/>\n<meta property=\"og:locale\" content=\"en_US\" \/>\n<meta property=\"og:type\" content=\"article\" \/>\n<meta property=\"og:title\" content=\"Karnevalsparty im -Tenten- Haus der Begegnung - VEBOWAG\" \/>\n<meta property=\"og:url\" content=\"https:\/\/www.vebowag.de\/event\/karnevalsparty-im-tenten-haus-der-begegnung-2\/\" \/>\n<meta property=\"og:site_name\" content=\"VEBOWAG\" \/>\n<meta property=\"article:publisher\" content=\"https:\/\/www.facebook.com\/vebowag\/\" \/>\n<meta property=\"article:modified_time\" content=\"2018-12-21T18:01:35+00:00\" \/>\n<meta property=\"og:image\" content=\"https:\/\/www.vebowag.de\/wp-content\/uploads\/2015\/12\/AnderWolfsburg_35_2_02.jpg\" \/>\n\t<meta property=\"og:image:width\" content=\"1024\" \/>\n\t<meta property=\"og:image:height\" content=\"683\" \/>\n\t<meta property=\"og:image:type\" content=\"image\/jpeg\" \/>\n<meta name=\"twitter:card\" content=\"summary_large_image\" \/>\n<meta name=\"twitter:site\" content=\"@vebowag\" \/>\n<script type=\"application\/ld+json\" class=\"yoast-schema-graph\">{\"@context\":\"https:\/\/schema.org\",\"@graph\":[{\"@type\":\"WebPage\",\"@id\":\"https:\/\/www.vebowag.de\/event\/karnevalsparty-im-tenten-haus-der-begegnung-2\/\",\"url\":\"https:\/\/www.vebowag.de\/event\/karnevalsparty-im-tenten-haus-der-begegnung-2\/\",\"name\":\"Karnevalsparty im -Tenten- Haus der Begegnung - VEBOWAG\",\"isPartOf\":{\"@id\":\"https:\/\/www.vebowag.de\/#website\"},\"primaryImageOfPage\":{\"@id\":\"https:\/\/www.vebowag.de\/event\/karnevalsparty-im-tenten-haus-der-begegnung-2\/#primaryimage\"},\"image\":{\"@id\":\"https:\/\/www.vebowag.de\/event\/karnevalsparty-im-tenten-haus-der-begegnung-2\/#primaryimage\"},\"thumbnailUrl\":\"https:\/\/www.vebowag.de\/wp-content\/uploads\/2015\/12\/AnderWolfsburg_35_2_02.jpg\",\"datePublished\":\"2018-12-21T17:51:40+00:00\",\"dateModified\":\"2018-12-21T18:01:35+00:00\",\"breadcrumb\":{\"@id\":\"https:\/\/www.vebowag.de\/event\/karnevalsparty-im-tenten-haus-der-begegnung-2\/#breadcrumb\"},\"inLanguage\":\"en-EN\",\"potentialAction\":[{\"@type\":\"ReadAction\",\"target\":[\"https:\/\/www.vebowag.de\/event\/karnevalsparty-im-tenten-haus-der-begegnung-2\/\"]}]},{\"@type\":\"ImageObject\",\"inLanguage\":\"en-EN\",\"@id\":\"https:\/\/www.vebowag.de\/event\/karnevalsparty-im-tenten-haus-der-begegnung-2\/#primaryimage\",\"url\":\"https:\/\/www.vebowag.de\/wp-content\/uploads\/2015\/12\/AnderWolfsburg_35_2_02.jpg\",\"contentUrl\":\"https:\/\/www.vebowag.de\/wp-content\/uploads\/2015\/12\/AnderWolfsburg_35_2_02.jpg\",\"width\":1024,\"height\":683},{\"@type\":\"BreadcrumbList\",\"@id\":\"https:\/\/www.vebowag.de\/event\/karnevalsparty-im-tenten-haus-der-begegnung-2\/#breadcrumb\",\"itemListElement\":[{\"@type\":\"ListItem\",\"position\":1,\"name\":\"Home\",\"item\":\"https:\/\/www.vebowag.de\/\"},{\"@type\":\"ListItem\",\"position\":2,\"name\":\"Events\",\"item\":\"https:\/\/www.vebowag.de\/en\/events\/\"},{\"@type\":\"ListItem\",\"position\":3,\"name\":\"Karnevalsparty im -Tenten- Haus der Begegnung\"}]},{\"@type\":\"WebSite\",\"@id\":\"https:\/\/www.vebowag.de\/#website\",\"url\":\"https:\/\/www.vebowag.de\/\",\"name\":\"VEBOWAG\",\"description\":\"Mein Zuhause in Bonn\",\"potentialAction\":[{\"@type\":\"SearchAction\",\"target\":{\"@type\":\"EntryPoint\",\"urlTemplate\":\"https:\/\/www.vebowag.de\/?s={search_term_string}\"},\"query-input\":{\"@type\":\"PropertyValueSpecification\",\"valueRequired\":true,\"valueName\":\"search_term_string\"}}],\"inLanguage\":\"en-EN\"}]}<\/script>\n<!-- \/ Yoast SEO plugin. -->","yoast_head_json":{"title":"Karnevalsparty im -Tenten- Haus der Begegnung - VEBOWAG","robots":{"index":"index","follow":"follow","max-snippet":"max-snippet:-1","max-image-preview":"max-image-preview:large","max-video-preview":"max-video-preview:-1"},"canonical":"https:\/\/www.vebowag.de\/event\/karnevalsparty-im-tenten-haus-der-begegnung-2\/","og_locale":"en_US","og_type":"article","og_title":"Karnevalsparty im -Tenten- Haus der Begegnung - VEBOWAG","og_url":"https:\/\/www.vebowag.de\/event\/karnevalsparty-im-tenten-haus-der-begegnung-2\/","og_site_name":"VEBOWAG","article_publisher":"https:\/\/www.facebook.com\/vebowag\/","article_modified_time":"2018-12-21T18:01:35+00:00","og_image":[{"width":1024,"height":683,"url":"https:\/\/www.vebowag.de\/wp-content\/uploads\/2015\/12\/AnderWolfsburg_35_2_02.jpg","type":"image\/jpeg"}],"twitter_card":"summary_large_image","twitter_site":"@vebowag","schema":{"@context":"https:\/\/schema.org","@graph":[{"@type":"WebPage","@id":"https:\/\/www.vebowag.de\/event\/karnevalsparty-im-tenten-haus-der-begegnung-2\/","url":"https:\/\/www.vebowag.de\/event\/karnevalsparty-im-tenten-haus-der-begegnung-2\/","name":"Karnevalsparty im -Tenten- Haus der Begegnung - VEBOWAG","isPartOf":{"@id":"https:\/\/www.vebowag.de\/#website"},"primaryImageOfPage":{"@id":"https:\/\/www.vebowag.de\/event\/karnevalsparty-im-tenten-haus-der-begegnung-2\/#primaryimage"},"image":{"@id":"https:\/\/www.vebowag.de\/event\/karnevalsparty-im-tenten-haus-der-begegnung-2\/#primaryimage"},"thumbnailUrl":"https:\/\/www.vebowag.de\/wp-content\/uploads\/2015\/12\/AnderWolfsburg_35_2_02.jpg","datePublished":"2018-12-21T17:51:40+00:00","dateModified":"2018-12-21T18:01:35+00:00","breadcrumb":{"@id":"https:\/\/www.vebowag.de\/event\/karnevalsparty-im-tenten-haus-der-begegnung-2\/#breadcrumb"},"inLanguage":"en-EN","potentialAction":[{"@type":"ReadAction","target":["https:\/\/www.vebowag.de\/event\/karnevalsparty-im-tenten-haus-der-begegnung-2\/"]}]},{"@type":"ImageObject","inLanguage":"en-EN","@id":"https:\/\/www.vebowag.de\/event\/karnevalsparty-im-tenten-haus-der-begegnung-2\/#primaryimage","url":"https:\/\/www.vebowag.de\/wp-content\/uploads\/2015\/12\/AnderWolfsburg_35_2_02.jpg","contentUrl":"https:\/\/www.vebowag.de\/wp-content\/uploads\/2015\/12\/AnderWolfsburg_35_2_02.jpg","width":1024,"height":683},{"@type":"BreadcrumbList","@id":"https:\/\/www.vebowag.de\/event\/karnevalsparty-im-tenten-haus-der-begegnung-2\/#breadcrumb","itemListElement":[{"@type":"ListItem","position":1,"name":"Home","item":"https:\/\/www.vebowag.de\/"},{"@type":"ListItem","position":2,"name":"Events","item":"https:\/\/www.vebowag.de\/en\/events\/"},{"@type":"ListItem","position":3,"name":"Karnevalsparty im -Tenten- Haus der Begegnung"}]},{"@type":"WebSite","@id":"https:\/\/www.vebowag.de\/#website","url":"https:\/\/www.vebowag.de\/","name":"VEBOWAG","description":"Mein Zuhause in Bonn","potentialAction":[{"@type":"SearchAction","target":{"@type":"EntryPoint","urlTemplate":"https:\/\/www.vebowag.de\/?s={search_term_string}"},"query-input":{"@type":"PropertyValueSpecification","valueRequired":true,"valueName":"search_term_string"}}],"inLanguage":"en-EN"}]}},"uagb_featured_image_src":{"full":["https:\/\/www.vebowag.de\/wp-content\/uploads\/2015\/12\/AnderWolfsburg_35_2_02.jpg",1024,683,false],"thumbnail":["https:\/\/www.vebowag.de\/wp-content\/uploads\/2015\/12\/AnderWolfsburg_35_2_02-150x150.jpg",150,150,true],"medium":["https:\/\/www.vebowag.de\/wp-content\/uploads\/2015\/12\/AnderWolfsburg_35_2_02-300x200.jpg",300,200,true],"medium_large":["https:\/\/www.vebowag.de\/wp-content\/uploads\/2015\/12\/AnderWolfsburg_35_2_02-768x512.jpg",750,500,true],"large":["https:\/\/www.vebowag.de\/wp-content\/uploads\/2015\/12\/AnderWolfsburg_35_2_02-1024x683.jpg",750,500,true],"1536x1536":["https:\/\/www.vebowag.de\/wp-content\/uploads\/2015\/12\/AnderWolfsburg_35_2_02.jpg",1024,683,false],"2048x2048":["https:\/\/www.vebowag.de\/wp-content\/uploads\/2015\/12\/AnderWolfsburg_35_2_02.jpg",1024,683,false],"home":["https:\/\/www.vebowag.de\/wp-content\/uploads\/2015\/12\/AnderWolfsburg_35_2_02-150x100.jpg",150,100,true],"list":["https:\/\/www.vebowag.de\/wp-content\/uploads\/2015\/12\/AnderWolfsburg_35_2_02-200x125.jpg",200,125,true]},"uagb_author_info":{"display_name":"Norbert Krey","author_link":"https:\/\/www.vebowag.de\/en\/author\/krey\/"},"uagb_comment_info":0,"uagb_excerpt":"Unter dem Motto \u201eWolfsburg &#8230;.Ol\u00e9 \u2013 Caballeros und Se\u00f1ioritas st\u00fcrmen die Wolfsburg\u201c laden wir alle Senioren zu unserer allj\u00e4hrlichen Karnevalsparty ein. Als G\u00e4ste werden wir die W\u00e4scherprinzessin mit Gefolge, das Kindercorps der Beueler Stadtsoldaten und die Prinzengarde Vilich-M\u00fcldorf empfangen. F\u00fcr Live-Musik\u00a0und Tanz sorgt unser beliebter Alleinunterhalter Gregor Kess. Beginn: 15:00 ... Weiterlesen&nbsp;&raquo;","_links":{"self":[{"href":"https:\/\/www.vebowag.de\/en\/wp-json\/wp\/v2\/tribe_events\/5279"}],"collection":[{"href":"https:\/\/www.vebowag.de\/en\/wp-json\/wp\/v2\/tribe_events"}],"about":[{"href":"https:\/\/www.vebowag.de\/en\/wp-json\/wp\/v2\/types\/tribe_events"}],"author":[{"embeddable":true,"href":"https:\/\/www.vebowag.de\/en\/wp-json\/wp\/v2\/users\/2"}],"replies":[{"embeddable":true,"href":"https:\/\/www.vebowag.de\/en\/wp-json\/wp\/v2\/comments?post=5279"}],"version-history":[{"count":5,"href":"https:\/\/www.vebowag.de\/en\/wp-json\/wp\/v2\/tribe_events\/5279\/revisions"}],"predecessor-version":[{"id":5286,"href":"https:\/\/www.vebowag.de\/en\/wp-json\/wp\/v2\/tribe_events\/5279\/revisions\/5286"}],"wp:featuredmedia":[{"embeddable":true,"href":"https:\/\/www.vebowag.de\/en\/wp-json\/wp\/v2\/media\/803"}],"wp:attachment":[{"href":"https:\/\/www.vebowag.de\/en\/wp-json\/wp\/v2\/media?parent=5279"}],"wp:term":[{"taxonomy":"post_tag","embeddable":true,"href":"https:\/\/www.vebowag.de\/en\/wp-json\/wp\/v2\/tags?post=5279"},{"taxonomy":"tribe_events_cat","embeddable":true,"href":"https:\/\/www.vebowag.de\/en\/wp-json\/wp\/v2\/tribe_events_cat?post=5279"}],"curies":[{"name":"wp","href":"https:\/\/api.w.org\/{rel}","templated":true}]}}

<p><img loading="lazy" decoding="async" class="alignright size-medium wp-image-5287" src="https://www.vebowag.de/wp-content/uploads/2018/12/DA04CD4F-5DA3-4281-9FF4-A1AA647A10EF-300x225.jpeg" alt="Karneval Wolfsburg 2019" width="300" height="225" srcset="https://www.vebowag.de/wp-content/uploads/2018/12/DA04CD4F-5DA3-4281-9FF4-A1AA647A10EF-300x225.jpeg 300w, https://www.vebowag.de/wp-content/uploads/2018/12/DA04CD4F-5DA3-4281-9FF4-A1AA647A10EF.jpeg 564w" sizes="(max-width: 300px) 100vw, 300px" />Unter dem Motto <strong>„Wolfsburg &#8230;.Olé – Caballeros und Señioritas stürmen die Wolfsburg“</strong> laden wir alle Senioren zu unserer alljährlichen Karnevalsparty ein.</p>
<p>Als Gäste werden wir die Wäscherprinzessin mit Gefolge, das Kindercorps der Beueler Stadtsoldaten und die Prinzengarde Vilich-Müldorf empfangen.</p>
<p>Für Live-Musik und Tanz sorgt unser beliebter Alleinunterhalter Gregor Kess.</p>
<p>Beginn: 15:00 Uhr<br />
Einlass: 14:40 Uhr<br />
Eintritt: 5 EUR (ohne Verzehr)</p>
<p>Kartenvorverkauf ab Montag, 28. Januar 2019 in der Cafeteria des -Tenten- Haus der Begegnung</p>

<p>Unter dem Motto „Wolfsburg &#8230;.Olé – Caballeros und Señioritas stürmen die Wolfsburg“ laden wir alle Senioren zu unserer alljährlichen Karnevalsparty ein. Als Gäste werden wir die Wäscherprinzessin mit Gefolge, das Kindercorps der Beueler Stadtsoldaten und die Prinzengarde Vilich-Müldorf empfangen. Für Live-Musik und Tanz sorgt unser beliebter Alleinunterhalter Gregor Kess. Beginn: 15:00 &#8230; <a class="read-more" href="https://www.vebowag.de/en/event/karnevalsparty-im-tenten-haus-der-begegnung-2/">Weiterlesen&nbsp;&raquo;</a></p>

Unter dem Motto „Wolfsburg &#8230;.Olé – Caballeros und Señioritas stürmen die Wolfsburg“ laden wir alle Senioren zu unserer alljährlichen Karnevalsparty ein. Als Gäste werden wir die Wäscherprinzessin mit Gefolge, das Kindercorps der Beueler Stadtsoldaten und die Prinzengarde Vilich-Müldorf empfangen. Für Live-Musik und Tanz sorgt unser beliebter Alleinunterhalter Gregor Kess. Beginn: 15:00 ... Weiterlesen&nbsp;&raquo;
