{"id":4061,"date":"2018-01-24T13:07:43","date_gmt":"2018-01-24T12:07:43","guid":{"rendered":"https:\/\/www.vebowag.de\/?post_type=tribe_events&#038;p=4061"},"modified":"2018-01-24T13:07:43","modified_gmt":"2018-01-24T12:07:43","slug":"mit-dem-fahrrad-die-gegend-erkunden-9","status":"publish","type":"tribe_events","link":"https:\/\/www.vebowag.de\/en\/event\/mit-dem-fahrrad-die-gegend-erkunden-9\/","title":{"rendered":"Mit dem Fahrrad die Gegend erkunden"},"content":{"rendered":"<p>Schlie\u00dfen Sie sich einer Gruppe gleichgesinnter Senioren und Seniorinnen an und erkunden zusammen mit Gerd R\u00f6sner und Gerd Imaschewski gem\u00fctlich verschiedene Ausflugsziele in der Umgebung.<\/p>\n<p><img loading=\"lazy\" decoding=\"async\" class=\"alignleft size-medium wp-image-803\" src=\"https:\/\/www.vebowag.de\/wp-content\/uploads\/2015\/12\/AnderWolfsburg_35_2_02-300x200.jpg\" alt=\"An der Wolfsburg\" width=\"300\" height=\"200\" srcset=\"https:\/\/www.vebowag.de\/wp-content\/uploads\/2015\/12\/AnderWolfsburg_35_2_02-300x200.jpg 300w, https:\/\/www.vebowag.de\/wp-content\/uploads\/2015\/12\/AnderWolfsburg_35_2_02-768x512.jpg 768w, https:\/\/www.vebowag.de\/wp-content\/uploads\/2015\/12\/AnderWolfsburg_35_2_02.jpg 1024w, https:\/\/www.vebowag.de\/wp-content\/uploads\/2015\/12\/AnderWolfsburg_35_2_02-150x100.jpg 150w\" sizes=\"(max-width: 300px) 100vw, 300px\" \/>Die Ausflugsziele werden kurzfristig &#8211; entsprechend der Witterung &#8211; bekanntgegeben. Sollte die Wetterlage keine Radtour zulassen, trifft man sich im -Tenten- Haus zu einer gem\u00fctlichen Kaffeerunde.<\/p>\n<p>Die Teilnahme erfolgt auf eigene Gefahr. Zu Ihrer eigenen Sicherheit bitten wir Sie einen Fahrradhelm mitzubringen.<\/p>\n","protected":false},"excerpt":{"rendered":"<p>Schlie\u00dfen Sie sich einer Gruppe gleichgesinnter Senioren und Seniorinnen an und erkunden zusammen mit Gerd R\u00f6sner und Gerd Imaschewski gem\u00fctlich verschiedene Ausflugsziele in der Umgebung. Die Ausflugsziele werden kurzfristig &#8211; entsprechend der Witterung &#8211; bekanntgegeben. Sollte die Wetterlage keine Radtour zulassen, trifft man sich im -Tenten- Haus zu einer gem\u00fctlichen &#8230; <a class=\"read-more\" href=\"https:\/\/www.vebowag.de\/en\/event\/mit-dem-fahrrad-die-gegend-erkunden-9\/\">Weiterlesen&nbsp;&raquo;<\/a><\/p>\n","protected":false},"author":2,"featured_media":803,"comment_status":"closed","ping_status":"closed","template":"","meta":{"_uag_custom_page_level_css":"","_tribe_events_status":"","_tribe_events_status_reason":"","footnotes":""},"tags":[],"tribe_events_cat":[930],"class_list":["post-4061","tribe_events","type-tribe_events","status-publish","has-post-thumbnail","hentry","tribe_events_cat-tenten-haus-der-begegnung","cat_tenten-haus-der-begegnung"],"translation":{"provider":"WPGlobus","version":"3.0.0","language":"en","enabled_languages":["de","en"],"languages":{"de":{"title":true,"content":true,"excerpt":false},"en":{"title":false,"content":false,"excerpt":false}}},"yoast_head":"<!-- This site is optimized with the Yoast SEO plugin v23.8 - https:\/\/yoast.com\/wordpress\/plugins\/seo\/ -->\n<title>Mit dem Fahrrad die Gegend erkunden - VEBOWAG<\/title>\n<meta name=\"robots\" content=\"index, follow, max-snippet:-1, max-image-preview:large, max-video-preview:-1\" \/>\n<link rel=\"canonical\" href=\"https:\/\/www.vebowag.de\/event\/mit-dem-fahrrad-die-gegend-erkunden-9\/\" \/>\n<meta property=\"og:locale\" content=\"en_US\" \/>\n<meta property=\"og:type\" content=\"article\" \/>\n<meta property=\"og:title\" content=\"Mit dem Fahrrad die Gegend erkunden - VEBOWAG\" \/>\n<meta property=\"og:url\" content=\"https:\/\/www.vebowag.de\/event\/mit-dem-fahrrad-die-gegend-erkunden-9\/\" \/>\n<meta property=\"og:site_name\" content=\"VEBOWAG\" \/>\n<meta property=\"article:publisher\" content=\"https:\/\/www.facebook.com\/vebowag\/\" \/>\n<meta property=\"og:image\" content=\"https:\/\/www.vebowag.de\/wp-content\/uploads\/2015\/12\/AnderWolfsburg_35_2_02.jpg\" \/>\n\t<meta property=\"og:image:width\" content=\"1024\" \/>\n\t<meta property=\"og:image:height\" content=\"683\" \/>\n\t<meta property=\"og:image:type\" content=\"image\/jpeg\" \/>\n<meta name=\"twitter:card\" content=\"summary_large_image\" \/>\n<meta name=\"twitter:site\" content=\"@vebowag\" \/>\n<script type=\"application\/ld+json\" class=\"yoast-schema-graph\">{\"@context\":\"https:\/\/schema.org\",\"@graph\":[{\"@type\":\"WebPage\",\"@id\":\"https:\/\/www.vebowag.de\/event\/mit-dem-fahrrad-die-gegend-erkunden-9\/\",\"url\":\"https:\/\/www.vebowag.de\/event\/mit-dem-fahrrad-die-gegend-erkunden-9\/\",\"name\":\"Mit dem Fahrrad die Gegend erkunden - VEBOWAG\",\"isPartOf\":{\"@id\":\"https:\/\/www.vebowag.de\/#website\"},\"primaryImageOfPage\":{\"@id\":\"https:\/\/www.vebowag.de\/event\/mit-dem-fahrrad-die-gegend-erkunden-9\/#primaryimage\"},\"image\":{\"@id\":\"https:\/\/www.vebowag.de\/event\/mit-dem-fahrrad-die-gegend-erkunden-9\/#primaryimage\"},\"thumbnailUrl\":\"https:\/\/www.vebowag.de\/wp-content\/uploads\/2015\/12\/AnderWolfsburg_35_2_02.jpg\",\"datePublished\":\"2018-01-24T12:07:43+00:00\",\"dateModified\":\"2018-01-24T12:07:43+00:00\",\"breadcrumb\":{\"@id\":\"https:\/\/www.vebowag.de\/event\/mit-dem-fahrrad-die-gegend-erkunden-9\/#breadcrumb\"},\"inLanguage\":\"en-EN\",\"potentialAction\":[{\"@type\":\"ReadAction\",\"target\":[\"https:\/\/www.vebowag.de\/event\/mit-dem-fahrrad-die-gegend-erkunden-9\/\"]}]},{\"@type\":\"ImageObject\",\"inLanguage\":\"en-EN\",\"@id\":\"https:\/\/www.vebowag.de\/event\/mit-dem-fahrrad-die-gegend-erkunden-9\/#primaryimage\",\"url\":\"https:\/\/www.vebowag.de\/wp-content\/uploads\/2015\/12\/AnderWolfsburg_35_2_02.jpg\",\"contentUrl\":\"https:\/\/www.vebowag.de\/wp-content\/uploads\/2015\/12\/AnderWolfsburg_35_2_02.jpg\",\"width\":1024,\"height\":683},{\"@type\":\"BreadcrumbList\",\"@id\":\"https:\/\/www.vebowag.de\/event\/mit-dem-fahrrad-die-gegend-erkunden-9\/#breadcrumb\",\"itemListElement\":[{\"@type\":\"ListItem\",\"position\":1,\"name\":\"Home\",\"item\":\"https:\/\/www.vebowag.de\/\"},{\"@type\":\"ListItem\",\"position\":2,\"name\":\"Events\",\"item\":\"https:\/\/www.vebowag.de\/en\/events\/\"},{\"@type\":\"ListItem\",\"position\":3,\"name\":\"Mit dem Fahrrad die Gegend erkunden\"}]},{\"@type\":\"WebSite\",\"@id\":\"https:\/\/www.vebowag.de\/#website\",\"url\":\"https:\/\/www.vebowag.de\/\",\"name\":\"VEBOWAG\",\"description\":\"Mein Zuhause in Bonn\",\"potentialAction\":[{\"@type\":\"SearchAction\",\"target\":{\"@type\":\"EntryPoint\",\"urlTemplate\":\"https:\/\/www.vebowag.de\/?s={search_term_string}\"},\"query-input\":{\"@type\":\"PropertyValueSpecification\",\"valueRequired\":true,\"valueName\":\"search_term_string\"}}],\"inLanguage\":\"en-EN\"}]}<\/script>\n<!-- \/ Yoast SEO plugin. -->","yoast_head_json":{"title":"Mit dem Fahrrad die Gegend erkunden - VEBOWAG","robots":{"index":"index","follow":"follow","max-snippet":"max-snippet:-1","max-image-preview":"max-image-preview:large","max-video-preview":"max-video-preview:-1"},"canonical":"https:\/\/www.vebowag.de\/event\/mit-dem-fahrrad-die-gegend-erkunden-9\/","og_locale":"en_US","og_type":"article","og_title":"Mit dem Fahrrad die Gegend erkunden - VEBOWAG","og_url":"https:\/\/www.vebowag.de\/event\/mit-dem-fahrrad-die-gegend-erkunden-9\/","og_site_name":"VEBOWAG","article_publisher":"https:\/\/www.facebook.com\/vebowag\/","og_image":[{"width":1024,"height":683,"url":"https:\/\/www.vebowag.de\/wp-content\/uploads\/2015\/12\/AnderWolfsburg_35_2_02.jpg","type":"image\/jpeg"}],"twitter_card":"summary_large_image","twitter_site":"@vebowag","schema":{"@context":"https:\/\/schema.org","@graph":[{"@type":"WebPage","@id":"https:\/\/www.vebowag.de\/event\/mit-dem-fahrrad-die-gegend-erkunden-9\/","url":"https:\/\/www.vebowag.de\/event\/mit-dem-fahrrad-die-gegend-erkunden-9\/","name":"Mit dem Fahrrad die Gegend erkunden - VEBOWAG","isPartOf":{"@id":"https:\/\/www.vebowag.de\/#website"},"primaryImageOfPage":{"@id":"https:\/\/www.vebowag.de\/event\/mit-dem-fahrrad-die-gegend-erkunden-9\/#primaryimage"},"image":{"@id":"https:\/\/www.vebowag.de\/event\/mit-dem-fahrrad-die-gegend-erkunden-9\/#primaryimage"},"thumbnailUrl":"https:\/\/www.vebowag.de\/wp-content\/uploads\/2015\/12\/AnderWolfsburg_35_2_02.jpg","datePublished":"2018-01-24T12:07:43+00:00","dateModified":"2018-01-24T12:07:43+00:00","breadcrumb":{"@id":"https:\/\/www.vebowag.de\/event\/mit-dem-fahrrad-die-gegend-erkunden-9\/#breadcrumb"},"inLanguage":"en-EN","potentialAction":[{"@type":"ReadAction","target":["https:\/\/www.vebowag.de\/event\/mit-dem-fahrrad-die-gegend-erkunden-9\/"]}]},{"@type":"ImageObject","inLanguage":"en-EN","@id":"https:\/\/www.vebowag.de\/event\/mit-dem-fahrrad-die-gegend-erkunden-9\/#primaryimage","url":"https:\/\/www.vebowag.de\/wp-content\/uploads\/2015\/12\/AnderWolfsburg_35_2_02.jpg","contentUrl":"https:\/\/www.vebowag.de\/wp-content\/uploads\/2015\/12\/AnderWolfsburg_35_2_02.jpg","width":1024,"height":683},{"@type":"BreadcrumbList","@id":"https:\/\/www.vebowag.de\/event\/mit-dem-fahrrad-die-gegend-erkunden-9\/#breadcrumb","itemListElement":[{"@type":"ListItem","position":1,"name":"Home","item":"https:\/\/www.vebowag.de\/"},{"@type":"ListItem","position":2,"name":"Events","item":"https:\/\/www.vebowag.de\/en\/events\/"},{"@type":"ListItem","position":3,"name":"Mit dem Fahrrad die Gegend erkunden"}]},{"@type":"WebSite","@id":"https:\/\/www.vebowag.de\/#website","url":"https:\/\/www.vebowag.de\/","name":"VEBOWAG","description":"Mein Zuhause in Bonn","potentialAction":[{"@type":"SearchAction","target":{"@type":"EntryPoint","urlTemplate":"https:\/\/www.vebowag.de\/?s={search_term_string}"},"query-input":{"@type":"PropertyValueSpecification","valueRequired":true,"valueName":"search_term_string"}}],"inLanguage":"en-EN"}]}},"uagb_featured_image_src":{"full":["https:\/\/www.vebowag.de\/wp-content\/uploads\/2015\/12\/AnderWolfsburg_35_2_02.jpg",1024,683,false],"thumbnail":["https:\/\/www.vebowag.de\/wp-content\/uploads\/2015\/12\/AnderWolfsburg_35_2_02-150x150.jpg",150,150,true],"medium":["https:\/\/www.vebowag.de\/wp-content\/uploads\/2015\/12\/AnderWolfsburg_35_2_02-300x200.jpg",300,200,true],"medium_large":["https:\/\/www.vebowag.de\/wp-content\/uploads\/2015\/12\/AnderWolfsburg_35_2_02-768x512.jpg",750,500,true],"large":["https:\/\/www.vebowag.de\/wp-content\/uploads\/2015\/12\/AnderWolfsburg_35_2_02-1024x683.jpg",750,500,true],"1536x1536":["https:\/\/www.vebowag.de\/wp-content\/uploads\/2015\/12\/AnderWolfsburg_35_2_02.jpg",1024,683,false],"2048x2048":["https:\/\/www.vebowag.de\/wp-content\/uploads\/2015\/12\/AnderWolfsburg_35_2_02.jpg",1024,683,false],"home":["https:\/\/www.vebowag.de\/wp-content\/uploads\/2015\/12\/AnderWolfsburg_35_2_02-150x100.jpg",150,100,true],"list":["https:\/\/www.vebowag.de\/wp-content\/uploads\/2015\/12\/AnderWolfsburg_35_2_02-200x125.jpg",200,125,true]},"uagb_author_info":{"display_name":"Norbert Krey","author_link":"https:\/\/www.vebowag.de\/en\/author\/krey\/"},"uagb_comment_info":0,"uagb_excerpt":"Schlie\u00dfen Sie sich einer Gruppe gleichgesinnter Senioren und Seniorinnen an und erkunden zusammen mit Gerd R\u00f6sner und Gerd Imaschewski gem\u00fctlich verschiedene Ausflugsziele in der Umgebung. Die Ausflugsziele werden kurzfristig &#8211; entsprechend der Witterung &#8211; bekanntgegeben. Sollte die Wetterlage keine Radtour zulassen, trifft man sich im -Tenten- Haus zu einer gem\u00fctlichen ... Weiterlesen&nbsp;&raquo;","_links":{"self":[{"href":"https:\/\/www.vebowag.de\/en\/wp-json\/wp\/v2\/tribe_events\/4061"}],"collection":[{"href":"https:\/\/www.vebowag.de\/en\/wp-json\/wp\/v2\/tribe_events"}],"about":[{"href":"https:\/\/www.vebowag.de\/en\/wp-json\/wp\/v2\/types\/tribe_events"}],"author":[{"embeddable":true,"href":"https:\/\/www.vebowag.de\/en\/wp-json\/wp\/v2\/users\/2"}],"replies":[{"embeddable":true,"href":"https:\/\/www.vebowag.de\/en\/wp-json\/wp\/v2\/comments?post=4061"}],"version-history":[{"count":2,"href":"https:\/\/www.vebowag.de\/en\/wp-json\/wp\/v2\/tribe_events\/4061\/revisions"}],"predecessor-version":[{"id":4063,"href":"https:\/\/www.vebowag.de\/en\/wp-json\/wp\/v2\/tribe_events\/4061\/revisions\/4063"}],"wp:featuredmedia":[{"embeddable":true,"href":"https:\/\/www.vebowag.de\/en\/wp-json\/wp\/v2\/media\/803"}],"wp:attachment":[{"href":"https:\/\/www.vebowag.de\/en\/wp-json\/wp\/v2\/media?parent=4061"}],"wp:term":[{"taxonomy":"post_tag","embeddable":true,"href":"https:\/\/www.vebowag.de\/en\/wp-json\/wp\/v2\/tags?post=4061"},{"taxonomy":"tribe_events_cat","embeddable":true,"href":"https:\/\/www.vebowag.de\/en\/wp-json\/wp\/v2\/tribe_events_cat?post=4061"}],"curies":[{"name":"wp","href":"https:\/\/api.w.org\/{rel}","templated":true}]}}

<p>Schließen Sie sich einer Gruppe gleichgesinnter Senioren und Seniorinnen an und erkunden zusammen mit Gerd Rösner und Gerd Imaschewski gemütlich verschiedene Ausflugsziele in der Umgebung.</p>
<p><img loading="lazy" decoding="async" class="alignleft size-medium wp-image-803" src="https://www.vebowag.de/wp-content/uploads/2015/12/AnderWolfsburg_35_2_02-300x200.jpg" alt="An der Wolfsburg" width="300" height="200" srcset="https://www.vebowag.de/wp-content/uploads/2015/12/AnderWolfsburg_35_2_02-300x200.jpg 300w, https://www.vebowag.de/wp-content/uploads/2015/12/AnderWolfsburg_35_2_02-768x512.jpg 768w, https://www.vebowag.de/wp-content/uploads/2015/12/AnderWolfsburg_35_2_02.jpg 1024w, https://www.vebowag.de/wp-content/uploads/2015/12/AnderWolfsburg_35_2_02-150x100.jpg 150w" sizes="(max-width: 300px) 100vw, 300px" />Die Ausflugsziele werden kurzfristig &#8211; entsprechend der Witterung &#8211; bekanntgegeben. Sollte die Wetterlage keine Radtour zulassen, trifft man sich im -Tenten- Haus zu einer gemütlichen Kaffeerunde.</p>
<p>Die Teilnahme erfolgt auf eigene Gefahr. Zu Ihrer eigenen Sicherheit bitten wir Sie einen Fahrradhelm mitzubringen.</p>

<p>Schließen Sie sich einer Gruppe gleichgesinnter Senioren und Seniorinnen an und erkunden zusammen mit Gerd Rösner und Gerd Imaschewski gemütlich verschiedene Ausflugsziele in der Umgebung. Die Ausflugsziele werden kurzfristig &#8211; entsprechend der Witterung &#8211; bekanntgegeben. Sollte die Wetterlage keine Radtour zulassen, trifft man sich im -Tenten- Haus zu einer gemütlichen &#8230; <a class="read-more" href="https://www.vebowag.de/en/event/mit-dem-fahrrad-die-gegend-erkunden-9/">Weiterlesen&nbsp;&raquo;</a></p>

Schließen Sie sich einer Gruppe gleichgesinnter Senioren und Seniorinnen an und erkunden zusammen mit Gerd Rösner und Gerd Imaschewski gemütlich verschiedene Ausflugsziele in der Umgebung. Die Ausflugsziele werden kurzfristig &#8211; entsprechend der Witterung &#8211; bekanntgegeben. Sollte die Wetterlage keine Radtour zulassen, trifft man sich im -Tenten- Haus zu einer gemütlichen ... Weiterlesen&nbsp;&raquo;
